the units digit of 661?
1
What is the hundreds digit of 76321?
3
What is the tens digit of 8747?
4
What is the thousands digit of 17445?
7
What is the units digit of 964?
4
What is the units digit of 732?
2
What is the units digit of 876?
6
What is the hundreds digit of 989?
9
What is the thousands digit of 3268?
3
What is the thousands digit of 1436?
1
What is the units digit of 34463?
3
What is the thousands digit of 12801?
2
What is the hundreds digit of 5299?
2
What is the tens digit of 2329?
2
What is the thousands digit of 33710?
3
What is the ten thousands digit of 18323?
1
What is the hundreds digit of 3206?
2
What is the hundreds digit of 23883?
8
What is the tens digit of 40181?
8
What is the tens digit of 802?
0
What is the thousands digit of 1409?
1
What is the units digit of 1754?
4
What is the tens digit of 838?
3
What is the hundred thousands digit of 205869?
2
What is the tens digit of 41897?
9
What is the thousands digit of 45923?
5
What is the units digit of 678?
8
What is the hundreds digit of 1721?
7
What is the hundreds digit of 2045?
0
What is the hundreds digit of 1627?
6
What is the thousands digit of 1262?
1
What is the thousands digit of 18831?
8
What is the units digit of 3355?
5
What is the thousands digit of 20364?
0
What is the units digit of 369?
9
What is the thousands digit of 7186?
7
What is the tens digit of 777?
7
What is the tens digit of 3944?
4
What is the thousands digit of 24340?
4
What is the tens digit of 10580?
8
What is the ten thousands digit of 51464?
5
What is the units digit of 467?
7
What is the tens digit of 12041?
4
What is the thousands digit of 1926?
1
What is the tens digit of 499?
9
What is the thousands digit of 42439?
2
What is the units digit of 829?
9
What is the thousands digit of 1801?
1
What is the thousands digit of 10450?
0
What is the hundreds digit of 3073?
0
What is the thousands digit of 117999?
7
What is the tens digit of 1882?
8
What is the tens digit of 65675?
7
What is the tens digit of 8186?
8
What is the units digit of 6748?
8
What is the ten thousands digit of 28596?
2
What is the thousands digit of 27423?
7
What is the units digit of 59336?
6
What is the units digit of 962?
2
What is the units digit of 5062?
2
What is the thousands digit of 59010?
9
What is the ten thousands digit of 52173?
5
What is the hundreds digit of 59115?
1
What is the tens digit of 33549?
4
What is the tens digit of 34012?
1
What is the tens digit of 1872?
7
What is the tens digit of 9809?
0
What is the hundreds digit of 1635?
6
What is the hundreds digit of 485?
4
What is the units digit of 23828?
8
What is the thousands digit of 45495?
5
What is the thousands digit of 3708?
3
What is the thousands digit of 2391?
2
What is the tens digit of 68061?
6
What is the units digit of 8540?
0
What is the units digit of 4250?
0
What is the hundreds digit of 10163?
1
What is the hundreds digit of 371?
3
What is the tens digit of 31453?
5
What is the hundreds digit of 8512?
5
What is the units digit of 31480?
0
What is the units digit of 271?
1
What is the hundred thousands digit of 105700?
1
What is the thousands digit of 85533?
5
What is the tens digit of 283?
8
What is the hundreds digit of 14124?
1
What is the ten thousands digit of 37243?
3
What is the hundreds digit of 3338?
3
What is the thousands digit of 2878?
2
What is the thousands digit of 1099?
1
What is the hundreds digit of 18903?
9
What is the units digit of 10814?
4
What is the thousands digit of 3020?
3
What is the tens digit of 6626?
2
What is the hundreds digit of 13799?
7
What is the thousands digit of 14467?
4
What is the thousands digit of 1488?
1
What is the hundreds digit of 6120?
1
What is the tens digit of 4827?
2
What is the units digit of 2804?
4
What is the tens digit of 6134?
3
What is the hundreds digit of 1087?
0
What is the ten thousands digit of 23540?
2
What is the units digit of 974?
4
What is the tens digit of 3631?
3
What is the hundred thousands digit of 126764?
1
What is the ten thousands digit of 22827?
2
What is the hundreds digit of 88530?
5
What is the thousands digit of 2437?
2
What is the tens digit of 1206?
0
What is the thousands digit of 40126?
0
What is the units digit of 33?
3
What is the hundreds digit of 4775?
7
What is the thousands digit of 2084?
2
What is the units digit of 19?
9
What is the tens digit of 535?
3
What is the units digit of 6088?
8
What is the ten thousands digit of 28805?
2
What is the units digit of 13455?
5
What is the units digit of 292?
2
What is the tens digit of 2104?
0
What is the hundreds digit of 13731?
7
What is the thousands digit of 16136?
6
What is the units digit of 22155?
5
What is the tens digit of 2773?
7
What is the ten thousands digit of 23089?
2
What is the hundreds digit of 5977?
9
What is the hundreds digit of 13233?
2
What is the tens digit of 964?
6
What is the thousands digit of 109599?
9
What is the tens digit of 113?
1
What is the hundreds digit of 7716?
7
What is the thousands digit of 7635?
7
What is the hundreds digit of 9944?
9
What is the ten thousands digit of 31363?
3
What is the tens digit of 7224?
2
What is the units digit of 11768?
8
What is the thousands digit of 41480?
1
What is the thousands digit of 10116?
0
What is the tens digit of 788?
8
What is the thousands digit of 4835?
4
What is the units digit of 3463?
3
What is the ten thousands digit of 16852?
1
What is the ten thousands digit of 56798?
5
What is the thousands digit of 26909?
6
What is the hundreds digit of 4849?
8
What is the hundreds digit of 128175?
1
What is the hundreds digit of 85810?
8
What is the hundreds digit of 375?
3
What is the tens digit of 2578?
7
What is the tens digit of 57692?
9
What is the hundreds digit of 1084?
0
What is the hundreds digit of 924?
9
What is the units digit of 7989?
9
What is the thousands digit of 1334?
1
What is the thousands digit of 21430?
1
What is the units digit of 11?
1
What is the ten thousands digit of 16246?
1
What is the thousands digit of 1418?
1
What is the thousands digit of 1606?
1
What is the units digit of 21252?
2
What is the tens digit of 1045?
4
What is the ten thousands digit of 16944?
1
What is the tens digit of 5344?
4
What is the tens digit of 35396?
9
What is the thousands digit of 6995?
6
What is the units digit of 1983?
3
What is the hundreds digit of 723?
7
What is the hundreds digit of 2035?
0
What is the tens digit of 92?
9
What is the units digit of 209?
9
What is the hundreds digit of 14990?
9
What is the thousands digit of 3326?
3
What is the thousands digit of 2436?
2
What is the tens digit of 64856?
5
What is the thousands digit of 34353?
4
What is the hundreds digit of 17266?
2
What is the tens digit of 78471?
7
What is the thousands digit of 1546?
1
What is the units digit of 21713?
3
What is the tens digit of 1948?
4
What is the tens digit of 4029?
2
What is the units digit of 108521?
1
What is the thousands digit of 6299?
6
What is the units digit of 13861?
1
What is the hundreds digit of 10455?
4
What is the thousands digit of 2319?
2
What is the ten thousands digit of 42053?
4
What is the tens digit of 6289?
8
What is the tens digit of 65228?
2
What is the units digit of 52764?
4
What is the hundreds digit of 3168?
1
What is the units digit of 7401?
1
What is the thousands digit of 7741?
7
What is the units digit of 26959?
9
What is the hundreds digit of 3976?
9
What is the ten thousands digit of 26033?
2
What is the tens digit of 2702?
0
What is the tens digit of 4734?
3
What is the units digit of 2428?
8
What is the hundreds digit of 3198?
1
What is the units digit of 18099?
9
What is the tens digit of 3501?
0
What is the ten thousands digit of 51021?
5
What is the thousands digit of 9776?
9
What is the thousands digit of 11665?
1
What is the units digit of 1499?
9
What is the thousands digit of 1335?
1
What is the tens digit of 2715?
1
What is the units digit of 13576?
6
What is the thousands digit of 5722?
5
What is the tens digit of 904?
0
What is the hundreds digit of 34141?
1
What is the hundreds digit of 56962?
9
What is the tens digit of 169?
6
What is the hundreds digit of 141?
1
What is the ten thousands digit of 10814?
1
What is the hundreds digit of 9577?
5
What is the units digit of 17